mine y(-9).
-21
Let u(j) = 8*j**2 - 21*j - 22. Give u(-1).
7
Let z(t) = 3*t**3 - 7*t**2 + 6*t - 6. Give z(3).
30
Let i(w) = -2*w**2 + 66*w - 242. Calculate i(28).
38
Let o(c) = 116*c - 455. Give o(4).
9
Let a(i) = 273*i + 3204. Determine a(-12).
-72
Let r(l) = -79*l - 1730. Calculate r(-22).
8
Let w(d) = -20*d - 221. Calculate w(-11).
-1
Let q(m) = -m**3 + 53*m**2 + 108*m + 22. Give q(55).
-88
Let i(r) = -20*r**2 + 11*r - 20. What is i(3)?
-167
Let p(a) = -69*a - 603. Determine p(-9).
18
Let m(f) = -2515*f - 8. Determine m(0).
-8
Let b(n) = -2*n**2 - 83*n + 223. Calculate b(-39).
418
Let k(n) = -n**3 - 8*n**2 + 24*n - 63. What is k(-10)?
-103
Let t(s) = 30*s - 535. What is t(17)?
-25
Let w(s) = -3*s**3 + 17*s**2 + 290*s - 40. What is w(13)?
12
Let k(j) = -j**2 + 65*j - 228. Give k(61).
16
Let s(o) = -o**3 - 141*o**2 + 463*o + 4463. Determine s(-144).
-1
Let m(r) = 6*r - 595. Calculate m(33).
-397
Let n(w) = -6*w + 274. Calculate n(44).
10
Let o(p) = 2*p**2 - 14*p - 1495. What is o(-24)?
-7
Let l(m) = m**2 - 69*m + 1235. Calculate l(26).
117
Let g(b) = b**2 + 50*b + 117. Determine g(-48).
21
Let f(o) = o**3 - 33*o**2 + 62*o - 18. Give f(31).
-18
Let f(k) = -178*k - 1603. Calculate f(-9).
-1
Let c(w) = -7*w**2 - 82*w + 475. Determine c(6).
-269
Let h(k) = 2*k**3 + 19*k**2 + 15*k - 21. Calculate h(-8).
51
Let z(t) = -3*t**3 + 14*t**2 + 5*t + 1. Determine z(6).
-113
Let c(s) = 57*s - 83. Determine c(-10).
-653
Let o(m) = -m**3 + 3*m**2 + 47*m - 26. Determine o(8).
30
Let j(q) = -45*q + 1658. What is j(37)?
-7
Let l(i) = 1632*i + 141982. Determine l(-87).
-2
Let d(l) = -l**2 - 559*l + 6276. Determine d(11).
6
Let d(n) = 3*n**3 - 88*n**2 - 61*n + 23. What is d(30)?
-7
Let p(w) = w**3 + 4*w**2 + 931*w + 4664. Determine p(-5).
-16
Let v(g) = 101*g + 3264. Calculate v(-33).
-69
Let r(d) = 62*d - 2949. Give r(47).
-35
Let r(d) = d**3 - 48*d**2 + 180*d - 177. Calculate r(44).
-1
Let h(i) = -2*i**3 - 4*i**2 - 482*i - 3194. What is h(-6)?
-14
Let h(c) = 17*c**2 + 5*c + 6. What is h(-1)?
18
Let u(w) = w**2 + 437*w - 6751. What is u(15)?
29
Let c(b) = b**2 + 2*b + 164. What is c(23)?
739
Let w(x) = x**2 + 200*x - 3002. Give w(14).
-6
Let c(d) = -d**3 + 4*d**2 + d - 20. What is c(5)?
-40
Let z(l) = 331*l**2 + 12*l + 13. What is z(-1)?
332
Let z(a) = 2*a**3 + 2*a**2 - 2*a - 642. What is z(0)?
-642
Let j(h) = 854*h - 5123. What is j(6)?
1
Let z(v) = 9*v**3 + 23*v**2 - 17*v - 23. Give z(-3).
-8
Let t(z) = -29*z - 230. What is t(2)?
-288
Let i(y) = y**2 - 183*y + 2050. Give i(171).
-2
Let m(r) = -2*r**3 - 14*r**2 + 16*r - 3. What is m(1)?
-3
Let k(z) = -z**3 - 9*z**2 + 43*z - 141. Calculate k(3).
-120
Let y(k) = -k**3 + 14*k**2 + 89*k - 852. Calculate y(16).
60
Let x(r) = -5*r**2 - 658*r - 947. Give x(-130).
93
Let v(s) = s**3 + 9*s**2 + 12*s + 50. Determine v(-6).
86
Let n(y) = -8*y**2 - 63*y - 118. Give n(-2).
-24
Let v(i) = -163*i + 656. Determine v(4).
4
Let u(v) = -v + 94. What is u(22)?
72
Let g(m) = -69*m + 5466. Calculate g(79).
15
Let o(n) = -2*n**2 - 26*n + 187. What is o(6)?
-41
Let a(k) = -k**3 + 13*k**2 - 103*k + 1143. What is a(12)?
51
Let j(w) = 8*w**2 + 2033*w + 2272. Calculate j(-253).
-5
Let y(p) = -3*p**2 - 16*p - 21. Determine y(-3).
0
Let d(a) = a**3 + 23*a**2 - 10*a + 25. Determine d(-23).
255
Let q(a) = a**3 - 3*a**2 - 3*a + 3. Give q(2).
-7
Let x(q) = -q**3 - 43*q**2 - 263*q + 19. Calculate x(-8).
-117
Let a(n) = n**2 - 14*n - 343. Give a(27).
8
Let r(z) = -z**3 + 29*z**2 - 11*z + 369. What is r(29)?
50
Let b(s) = s**3 - 5*s**2 + s + 21. Determine b(0).
21
Let s(k) = k**3 + 20*k**2 - 77*k - 2027. Determine s(-18).
7
Let c(t) = -24*t**3 + 5*t**2 - 7*t + 5. What is c(3)?
-619
Let y(s) = 29*s - 123. What is y(6)?
51
Let m(i) = i**3 - 37*i**2 - 81*i + 109. Determine m(39).
-8
Let u(k) = 428*k - 2565. Give u(6).
3
Let i(t) = -t**2 + 134*t - 1864. Determine i(118).
24
Let n(p) = 20*p - 301. Give n(28).
259
Let l(n) = -71*n - 383. Give l(-7).
114
Let a(r) = 30*r - 427. Determine a(-4).
-547
Let s(w) = 2*w**3 + 10*w**2 - 3*w - 2. Give s(-5).
13
Let t(c) = -26*c + 64. What is t(10)?
-196
Let r(t) = t**3 + 12*t**2 + 4*t - 9. Give r(0).
-9
Let p(w) = w**3 - 121*w**2 - 251*w + 317. What is p(123)?
-298
Let r(g) = g**2 - 12*g - 73. Calculate r(-7).
60
Let w(d) = d**3 + 6*d**2 - 41*d + 34. What is w(3)?
-8
Let z(m) = m**2 + 5*m + 6. Determine z(-16).
182
Let y(t) = 47*t**3 + 86*t**2 - 8*t + 1. What is y(-2)?
-15
Let s(g) = -5*g**2 - 70*g + 333. Calculate s(4).
-27
Let j(b) = -b**3 - 11*b**2 + 8*b - 165. Calculate j(-14).
311
Let i(b) = -10*b**2 + 14*b + 18. What is i(8)?
-510
Let d(k) = 97*k + 101. Calculate d(-2).
-93
Let o(j) = 2*j**3 + 11*j**2 - 34*j - 17. What is o(3)?
34
Let s(g) = -g**2 - 45*g - 111. Determine s(-42).
15
Let z(t) = 189*t**2 - 22*t - 22. Calculate z(-1).
189
Let p(b) = 31*b**3 - 28*b**2 + 7*b - 5. Calculate p(1).
5
Let h(f) = 54*f**2 + 5*f + 2. Calculate h(2).
228
Let j(v) = 47*v - 2183. Calculate j(47).
26
Let o(v) = 5*v**2 - 1534*v + 6057. What is o(4)?
1
Let l(y) = -8*y - 200. What is l(-18)?
-56
Let z(v) = 2*v**2 - 32*v - 53. Calculate z(18).
19
Let g(z) = -3*z**3 + 14*z + 4. Calculate g(-3).
43
Let a(u) = u**2 - 245*u - 740. What is a(-3)?
4
Let k(v) = -2538*v - 7595. Calculate k(-3).
19
Let j(m) = -15*m**2 + 916*m - 192. Determine j(61).
-131
Let f(b) = b**3 + 18*b**2 - 63*b - 4. Give f(-21).
-4
Let b(k) = 12*k**2 - 89*k - 53. Give b(8).
3
Let k(n) = -4*n - 12. Determine k(-5).
8
Let k(g) = -31*g**2 + 37*g - 9. Determine k(4).
-357
Let y(p) = -2*p**3 + 5*p**2 + 8*p + 2. What is y(-2)?
22
Let x(u) = -33*u - 356. Give x(-18).
238
Let t(w) = 63*w - 4220. What is t(67)?
1
Let x(v) = -68*v + 47. Give x(1).
-21
Let j(w) = 211*w - 1038. Give j(5).
17
Let t(j) = -5*j**2 - 7*j + 47. What is t(-5)?
-43
Let v(a) = 2*a**3 + 14*a**2 + 39*a - 30. Calculate v(-6).
-192
Let w(p) = -15*p**2 + 355*p + 6423. Give w(-12).
3
Let r(i) = -i**2 + 28*i - 187. Calculate r(18).
-7
Let g(u) = -3*u**3 - 59*u**2 + 231*u + 27. Calculate g(-23).
4
Let v(d) = 16*d + 381. What is v(-24)?
-3
Let t(v) = 15*v - 343. Determine t(15).
-118
Let q(x) = -73*x + 2. Calculate q(0).
2
Let j(k) = k**3 - 9*k**2 + 7*k + 55. Calculate j(6).
-11
Let g(u) = 7*u**2 - 30*u + 28. Determine g(2).
-4
Let s(v) = -2*v**3 - 66*v**2 - 104*v - 24. What is s(-31)?
-644
Let c(b) = b**3 - 14*b**2 + 69*b - 113. What is c(4)?
3
Let n(i) = -19*i - 557. What is n(-30)?
13
Let z(w) = -770*w + 2313. Give z(3).
3
Let m(v) = v**2 + 489*v + 40044. Determine m(-104).
4
Let n(j) = 7*j**2 - 11*j + 16. Calculate n(3).
46
Let r(s) = s**2 - 7*s - 609. Determine r(-23).
81
Let u(g) = -g**2 + 3*g + 82. Calculate u(-16).
-222
Let m(j) = -71*j - 1378. Give m(-19).
-29
Let k(g) = 7*g**3 + 538*g**2 - 77*g - 8. Calculate k(-77).
-8
Let r(c) = 407*c + 1635. Determine r(-4).
7
Let y(q) = q - 45. Give y(38).
-7
Let m(j) = j**2 + 4179*j + 20870. What is m(-5)?
0
Let b(n) = 8692*n + 60828. Give b(-7).
-16
Let i(m) = -2*m**2 - 52*m - 232. Determine i(-20).
8
Let c(z) = 30*z**2 + 4*z - 3. Calculate c(2).
125
Let f(h) = -h**3 - 7*h**2 - 63*h - 440. What is f(-7)?
1
Let s(z) = z**3 + 3*z**2 + 91*z + 652. Calculate s(-8).
-396
Let l(z) = -z**3 + 80*z**2 - 159*z + 276. Determine l(78).
42
Let t(l) = -787*l + 665. Determine t(1).
-122
Let f(p) = -964*p + 7700. Determine f(8).
-12
Let q(g) = 12*g**2 - 29*g - 450. Give q(-5).
-5
Let f(j) = -j**3 - 7*j**2 - 388*j - 3682. Determine f(-9).
-28
Let q(j) = j**3 + 5*j**2 - 5*j + 42. Give q(-6).
36
Let z(h) = -h**3 + 5*h**2 - 4*h - 31. What is z(-2)?
5
Let s(j) = -j**2 + 28*j + 276. Determine s(34).
72
Let y(i) = i**3 + 39*i**2 + 326*i - 1. Calculate y(-12).
-25
Let h(l) = -17*l + 768. Calculate h(90).
-762
Let m(c) = 2*c**2 - 84*c + 703. Give m(31).
21
Let n(w) = -w**3 + 35*w**2 + 17*w - 87. What is n(35)?
508
Let l(b) = -29*b + 2289. Give l(79).
-2
Let n(j) = -14*j**2 + 19*j - 107. Determine n(5).
-362
Let k(p) = p**2 + 52*p - 195. Calculate k(-55).
-30
Let s(k) = -5*k**2 - 116*k - 783. What is s(-7)?
-216
Let w(i) = 33*i + 48. What is w(8)?
312
Let f(s) = s**2 - 16*s - 291. Determine f(-11).
6
Let h(w) = -w**3 + 92*w**2 + 65*w + 2590. Determine h(93).
-14
Let v(a) = -31*a - 666. Determine v(-21).
-15
Let q(n) = -2*n**3 + 17*n**2 - 17*n - 24. Calculate q(8).
-96
Let c(w) = 